CRAN Package Check Results for Package dfsaneacc

Last updated on 2024-06-22 06:50:43 CEST.

Flavor Version Tinstall Tcheck Ttotal Status Flags
r-devel-linux-x86_64-debian-clang 1.0.3 5.77 23.44 29.21 OK
r-devel-linux-x86_64-debian-gcc 1.0.3 3.70 17.56 21.26 OK
r-devel-linux-x86_64-fedora-clang 1.0.3 35.72 NOTE
r-devel-linux-x86_64-fedora-gcc 1.0.3 35.69 OK
r-devel-windows-x86_64 1.0.3 6.00 41.00 47.00 OK
r-patched-linux-x86_64 1.0.3 4.18 22.42 26.60 OK
r-release-linux-x86_64 1.0.3 3.44 22.50 25.94 OK
r-release-macos-arm64 1.0.3 19.00 OK
r-release-macos-x86_64 1.0.3 23.00 OK
r-release-windows-x86_64 1.0.3 8.00 43.00 51.00 OK
r-oldrel-macos-arm64 1.0.3 18.00 OK
r-oldrel-macos-x86_64 1.0.3 42.00 OK
r-oldrel-windows-x86_64 1.0.3 10.00 40.00 50.00 OK

Check Details

Version: 1.0.3
Check: installed package size
Result: NOTE installed size is 9.8Mb sub-directories of 1Mb or more: libs 9.7Mb Flavor: r-devel-linux-x86_64-fedora-clang