CRAN Package Check Results for Package dfms

Last updated on 2024-06-21 05:58:02 CEST.

Flavor Version Tinstall Tcheck Ttotal Status Flags
r-devel-linux-x86_64-debian-clang 0.2.2 88.96 115.77 204.73 OK
r-devel-linux-x86_64-debian-gcc 0.2.2 57.47 101.65 159.12 OK
r-devel-linux-x86_64-fedora-clang 0.2.2 199.39 NOTE
r-devel-linux-x86_64-fedora-gcc 0.2.2 306.67 NOTE
r-devel-windows-x86_64 0.2.2 65.00 144.00 209.00 OK
r-patched-linux-x86_64 0.2.2 68.01 125.20 193.21 OK
r-release-linux-x86_64 0.2.2 67.18 122.83 190.01 OK
r-release-macos-arm64 0.2.2 108.00 NOTE
r-release-macos-x86_64 0.2.2 222.00 NOTE
r-release-windows-x86_64 0.2.2 65.00 145.00 210.00 OK
r-oldrel-macos-arm64 0.2.2 96.00 NOTE
r-oldrel-macos-x86_64 0.2.2 226.00 NOTE
r-oldrel-windows-x86_64 0.2.2 78.00 160.00 238.00 OK

Check Details

Version: 0.2.2
Check: dependencies in R code
Result: NOTE Namespace in Imports field not imported from: ‘Rcpp’ All declared Imports should be used. Flavors: r-devel-linux-x86_64-fedora-clang, r-devel-linux-x86_64-fedora-gcc

Version: 0.2.2
Check: installed package size
Result: NOTE installed size is 5.9Mb sub-directories of 1Mb or more: doc 1.8Mb libs 3.7Mb Flavors: r-release-macos-arm64, r-release-macos-x86_64, r-oldrel-macos-arm64, r-oldrel-macos-x86_64