Last updated on 2025-01-26 08:48:22 CET.
Flavor | Version | Tinstall | Tcheck | Ttotal | Status | Flags |
---|---|---|---|---|---|---|
r-devel-linux-x86_64-debian-clang | 1.5.0 | 116.67 | 213.22 | 329.89 | OK | |
r-devel-linux-x86_64-debian-gcc | 1.5.0 | 84.37 | 141.31 | 225.68 | OK | |
r-devel-linux-x86_64-fedora-clang | 1.5.0 | 590.77 | OK | |||
r-devel-linux-x86_64-fedora-gcc | 1.5.0 | 579.23 | OK | |||
r-devel-windows-x86_64 | 1.5.0 | 125.00 | 201.00 | 326.00 | OK | |
r-patched-linux-x86_64 | 1.5.0 | 115.49 | 192.52 | 308.01 | OK | |
r-release-linux-x86_64 | 1.5.0 | 115.08 | 194.45 | 309.53 | OK | |
r-release-macos-arm64 | 1.5.0 | 158.00 | NOTE | |||
r-release-macos-x86_64 | 1.5.0 | 335.00 | NOTE | |||
r-release-windows-x86_64 | 1.5.0 | 127.00 | 205.00 | 332.00 | OK | |
r-oldrel-macos-arm64 | 1.5.0 | 175.00 | NOTE | |||
r-oldrel-macos-x86_64 | 1.5.0 | 274.00 | NOTE | |||
r-oldrel-windows-x86_64 | 1.5.0 | 148.00 | 237.00 | 385.00 | OK |
Version: 1.5.0
Check: installed package size
Result: NOTE
installed size is 9.5Mb
sub-directories of 1Mb or more:
doc 1.2Mb
libs 7.5Mb
Flavors: r-release-macos-arm64, r-release-macos-x86_64, r-oldrel-macos-arm64, r-oldrel-macos-x86_64