CRAN Package Check Results for Package detector

Last updated on 2024-06-16 05:52:51 CEST.

Flavor Version Tinstall Tcheck Ttotal Status Flags
r-devel-linux-x86_64-debian-clang 0.1.0 1.70 23.93 25.63 NOTE
r-devel-linux-x86_64-debian-gcc 0.1.0 1.58 18.80 20.38 NOTE
r-devel-linux-x86_64-fedora-clang 0.1.0 32.93 NOTE
r-devel-linux-x86_64-fedora-gcc 0.1.0 31.43 NOTE
r-devel-windows-x86_64 0.1.0 3.00 40.00 43.00 NOTE
r-patched-linux-x86_64 0.1.0 1.97 23.95 25.92 NOTE
r-release-linux-x86_64 0.1.0 1.80 23.53 25.33 NOTE
r-release-macos-arm64 0.1.0 15.00 NOTE
r-release-macos-x86_64 0.1.0 22.00 NOTE
r-release-windows-x86_64 0.1.0 3.00 43.00 46.00 NOTE
r-oldrel-macos-arm64 0.1.0 18.00 NOTE
r-oldrel-macos-x86_64 0.1.0 20.00 NOTE
r-oldrel-windows-x86_64 0.1.0 4.00 48.00 52.00 NOTE

Check Details

Version: 0.1.0
Check: LazyData
Result: NOTE 'LazyData' is specified without a 'data' directory Flavors: r-devel-linux-x86_64-debian-clang, r-devel-linux-x86_64-debian-gcc, r-devel-linux-x86_64-fedora-clang, r-devel-linux-x86_64-fedora-gcc, r-devel-windows-x86_64, r-patched-linux-x86_64, r-release-linux-x86_64, r-release-macos-arm64, r-release-macos-x86_64, r-release-windows-x86_64, r-oldrel-macos-arm64, r-oldrel-macos-x86_64, r-oldrel-windows-x86_64