CRAN Package Check Results for Package describer

Last updated on 2024-07-13 18:55:31 CEST.

Flavor Version Tinstall Tcheck Ttotal Status Flags
r-devel-linux-x86_64-debian-clang 0.2.0 1.37 22.62 23.99 NOTE
r-devel-linux-x86_64-debian-gcc 0.2.0 1.54 17.87 19.41 NOTE
r-devel-linux-x86_64-fedora-clang 0.2.0 31.40 NOTE
r-devel-linux-x86_64-fedora-gcc 0.2.0 29.37 NOTE
r-devel-windows-x86_64 0.2.0 2.00 39.00 41.00 NOTE
r-patched-linux-x86_64 0.2.0 2.11 22.12 24.23 NOTE
r-release-linux-x86_64 0.2.0 1.63 21.89 23.52 NOTE
r-release-macos-arm64 0.2.0 15.00 NOTE
r-release-macos-x86_64 0.2.0 22.00 NOTE
r-release-windows-x86_64 0.2.0 3.00 40.00 43.00 NOTE
r-oldrel-macos-arm64 0.2.0 16.00 NOTE
r-oldrel-macos-x86_64 0.2.0 19.00 NOTE
r-oldrel-windows-x86_64 0.2.0 2.00 40.00 42.00 NOTE

Check Details

Version: 0.2.0
Check: LazyData
Result: NOTE 'LazyData' is specified without a 'data' directory Flavors: r-devel-linux-x86_64-debian-clang, r-devel-linux-x86_64-debian-gcc, r-devel-linux-x86_64-fedora-clang, r-devel-linux-x86_64-fedora-gcc, r-devel-windows-x86_64, r-patched-linux-x86_64, r-release-linux-x86_64, r-release-macos-arm64, r-release-macos-x86_64, r-release-windows-x86_64, r-oldrel-macos-arm64, r-oldrel-macos-x86_64, r-oldrel-windows-x86_64