CRAN Package Check Results for Package densEstBayes

Last updated on 2024-06-13 05:59:01 CEST.

Flavor Version Tinstall Tcheck Ttotal Status Flags
r-devel-linux-x86_64-debian-clang 1.0-2.2 233.71 164.07 397.78 NOTE
r-devel-linux-x86_64-debian-gcc 1.0-2.2 0.55 1.73 2.28 ERROR
r-devel-linux-x86_64-fedora-clang 1.0-2.2 530.66 NOTE
r-devel-linux-x86_64-fedora-gcc 1.0-2.2 619.70 NOTE
r-devel-windows-x86_64 1.0-2.2 185.00 164.00 349.00 NOTE
r-patched-linux-x86_64 1.0-2.2 163.65 173.00 336.65 NOTE
r-release-linux-x86_64 1.0-2.2 171.04 171.04 342.08 NOTE
r-release-macos-arm64 1.0-2.2 123.00 NOTE
r-release-macos-x86_64 1.0-2.2 185.00 NOTE
r-release-windows-x86_64 1.0-2.2 186.00 170.00 356.00 NOTE
r-oldrel-macos-arm64 1.0-2.2 134.00 NOTE
r-oldrel-macos-x86_64 1.0-2.2 206.00 NOTE
r-oldrel-windows-x86_64 1.0-2.2 230.00 201.00 431.00 NOTE

Check Details

Version: 1.0-2.2
Check: for GNU extensions in Makefiles
Result: NOTE GNU make is a SystemRequirements. Flavors: r-devel-linux-x86_64-debian-clang, r-devel-linux-x86_64-fedora-clang, r-devel-linux-x86_64-fedora-gcc, r-devel-windows-x86_64, r-patched-linux-x86_64, r-release-linux-x86_64, r-release-macos-arm64, r-release-macos-x86_64, r-release-windows-x86_64, r-oldrel-macos-arm64, r-oldrel-macos-x86_64, r-oldrel-windows-x86_64

Version: 1.0-2.2
Check: package dependencies
Result: ERROR Package required but not available: ‘rstan’ See section ‘The DESCRIPTION file’ in the ‘Writing R Extensions’ manual. Flavor: r-devel-linux-x86_64-debian-gcc

Version: 1.0-2.2
Check: installed package size
Result: NOTE installed size is 44.7Mb sub-directories of 1Mb or more: doc 1.9Mb libs 42.5Mb Flavors: r-release-macos-arm64, r-release-macos-x86_64, r-oldrel-macos-arm64, r-oldrel-macos-x86_64