Last updated on 2025-01-25 19:48:42 CET.
Flavor | Version | Tinstall | Tcheck | Ttotal | Status | Flags |
---|---|---|---|---|---|---|
r-devel-linux-x86_64-debian-clang | 2.1.1 | 31.80 | 93.68 | 125.48 | NOTE | |
r-devel-linux-x86_64-debian-gcc | 2.1.1 | 19.93 | 62.59 | 82.52 | NOTE | |
r-devel-linux-x86_64-fedora-clang | 2.1.1 | 194.44 | OK | |||
r-devel-linux-x86_64-fedora-gcc | 2.1.1 | 194.68 | NOTE | |||
r-devel-windows-x86_64 | 2.1.1 | 35.00 | 112.00 | 147.00 | OK | |
r-patched-linux-x86_64 | 2.1.1 | 30.94 | 88.44 | 119.38 | OK | |
r-release-linux-x86_64 | 2.1.1 | 24.22 | 87.71 | 111.93 | OK | |
r-release-macos-arm64 | 2.1.1 | 74.00 | OK | |||
r-release-macos-x86_64 | 2.1.1 | 115.00 | OK | |||
r-release-windows-x86_64 | 2.1.1 | 38.00 | 107.00 | 145.00 | OK | |
r-oldrel-macos-arm64 | 2.1.1 | 83.00 | OK | |||
r-oldrel-macos-x86_64 | 2.1.1 | 139.00 | OK | |||
r-oldrel-windows-x86_64 | 2.1.1 | 55.00 | 133.00 | 188.00 | OK |
Version: 2.1.1
Check: DESCRIPTION meta-information
Result: NOTE
Missing dependency on R >= 4.1.0 because package code uses the pipe
|> or function shorthand \(...) syntax added in R 4.1.0.
File(s) using such syntax:
‘convert_slwer_to_tidy.R’ ‘download_pdfwer_srilanka.R’
‘get_pdflinks_srilanka.R’ ‘min_max.R’
Flavors: r-devel-linux-x86_64-debian-clang, r-devel-linux-x86_64-debian-gcc, r-devel-linux-x86_64-fedora-gcc