CRAN Package Check Results for Package deformula

Last updated on 2024-06-22 17:57:30 CEST.

Flavor Version Tinstall Tcheck Ttotal Status Flags
r-devel-linux-x86_64-debian-clang 0.1.2 19.55 28.80 48.35 NOTE
r-devel-linux-x86_64-debian-gcc 0.1.2 13.57 23.06 36.63 NOTE
r-devel-linux-x86_64-fedora-clang 0.1.2 69.77 NOTE
r-devel-linux-x86_64-fedora-gcc 0.1.2 69.66 NOTE
r-devel-windows-x86_64 0.1.2 18.00 62.00 80.00 NOTE
r-patched-linux-x86_64 0.1.2 17.07 28.68 45.75 NOTE
r-release-linux-x86_64 0.1.2 18.31 28.17 46.48 NOTE
r-release-macos-arm64 0.1.2 21.00 NOTE
r-release-macos-x86_64 0.1.2 37.00 NOTE
r-release-windows-x86_64 0.1.2 17.00 62.00 79.00 NOTE
r-oldrel-macos-arm64 0.1.2 23.00 NOTE
r-oldrel-macos-x86_64 0.1.2 36.00 NOTE
r-oldrel-windows-x86_64 0.1.2 17.00 64.00 81.00 NOTE

Check Details

Version: 0.1.2
Check: C++ specification
Result: NOTE Specified C++11: please drop specification unless essential Flavors: r-devel-linux-x86_64-debian-clang, r-devel-linux-x86_64-debian-gcc, r-devel-linux-x86_64-fedora-clang, r-devel-linux-x86_64-fedora-gcc, r-devel-windows-x86_64, r-patched-linux-x86_64, r-release-linux-x86_64, r-release-macos-arm64, r-release-macos-x86_64, r-release-windows-x86_64, r-oldrel-macos-arm64, r-oldrel-macos-x86_64, r-oldrel-windows-x86_64