CRAN Package Check Results for Package deepMOU

Last updated on 2024-06-23 06:56:30 CEST.

Flavor Version Tinstall Tcheck Ttotal Status Flags
r-devel-linux-x86_64-debian-clang 0.1.1 6.26 63.75 70.01 OK
r-devel-linux-x86_64-debian-gcc 0.1.1 5.69 49.45 55.14 OK
r-devel-linux-x86_64-fedora-clang 0.1.1 92.45 NOTE
r-devel-linux-x86_64-fedora-gcc 0.1.1 93.06 NOTE
r-devel-windows-x86_64 0.1.1 7.00 71.00 78.00 OK
r-patched-linux-x86_64 0.1.1 8.03 63.83 71.86 OK
r-release-linux-x86_64 0.1.1 7.40 63.86 71.26 OK
r-release-macos-arm64 0.1.1 31.00 OK
r-release-macos-x86_64 0.1.1 47.00 OK
r-release-windows-x86_64 0.1.1 8.00 71.00 79.00 OK
r-oldrel-macos-arm64 0.1.1 32.00 OK
r-oldrel-macos-x86_64 0.1.1 47.00 OK
r-oldrel-windows-x86_64 0.1.1 9.00 75.00 84.00 OK

Check Details

Version: 0.1.1
Check: dependencies in R code
Result: NOTE Namespace in Imports field not imported from: ‘dplyr’ All declared Imports should be used. Flavors: r-devel-linux-x86_64-fedora-clang, r-devel-linux-x86_64-fedora-gcc