CRAN Package Check Results for Package decido

Last updated on 2024-06-24 06:49:09 CEST.

Flavor Version Tinstall Tcheck Ttotal Status Flags
r-devel-linux-x86_64-debian-clang 0.3.0 20.76 37.04 57.80 NOTE
r-devel-linux-x86_64-debian-gcc 0.3.0 14.75 28.01 42.76 NOTE
r-devel-linux-x86_64-fedora-clang 0.3.0 83.11 NOTE
r-devel-linux-x86_64-fedora-gcc 0.3.0 102.03 NOTE
r-devel-windows-x86_64 0.3.0 18.00 72.00 90.00 NOTE
r-patched-linux-x86_64 0.3.0 16.93 35.68 52.61 NOTE
r-release-linux-x86_64 0.3.0 18.45 35.44 53.89 NOTE
r-release-macos-arm64 0.3.0 29.00 NOTE
r-release-macos-x86_64 0.3.0 46.00 NOTE
r-release-windows-x86_64 0.3.0 18.00 72.00 90.00 NOTE
r-oldrel-macos-arm64 0.3.0 29.00 NOTE
r-oldrel-macos-x86_64 0.3.0 54.00 NOTE
r-oldrel-windows-x86_64 0.3.0 20.00 78.00 98.00 NOTE

Check Details

Version: 0.3.0
Check: C++ specification
Result: NOTE Specified C++11: please drop specification unless essential Flavors: r-devel-linux-x86_64-debian-clang, r-devel-linux-x86_64-debian-gcc, r-devel-linux-x86_64-fedora-clang, r-devel-linux-x86_64-fedora-gcc, r-devel-windows-x86_64, r-patched-linux-x86_64, r-release-linux-x86_64, r-release-macos-arm64, r-release-macos-x86_64, r-release-windows-x86_64, r-oldrel-macos-arm64, r-oldrel-macos-x86_64, r-oldrel-windows-x86_64

Version: 0.3.0
Check: LazyData
Result: NOTE 'LazyData' is specified without a 'data' directory Flavors: r-devel-linux-x86_64-debian-clang, r-devel-linux-x86_64-debian-gcc, r-devel-linux-x86_64-fedora-clang, r-devel-linux-x86_64-fedora-gcc, r-devel-windows-x86_64, r-patched-linux-x86_64, r-release-linux-x86_64, r-release-macos-arm64, r-release-macos-x86_64, r-release-windows-x86_64, r-oldrel-macos-arm64, r-oldrel-macos-x86_64, r-oldrel-windows-x86_64