CRAN Package Check Results for Package dbparser

Last updated on 2024-06-13 17:49:07 CEST.

Flavor Version Tinstall Tcheck Ttotal Status Flags
r-devel-linux-x86_64-debian-clang 2.0.3 23.63 70.12 93.75 OK
r-devel-linux-x86_64-debian-gcc 2.0.3 0.76 1.82 2.58 ERROR
r-devel-linux-x86_64-fedora-clang 2.0.3 119.95 OK
r-devel-linux-x86_64-fedora-gcc 2.0.3 122.95 OK
r-devel-windows-x86_64 2.0.3 18.00 76.00 94.00 OK
r-patched-linux-x86_64 2.0.3 22.76 70.06 92.82 OK
r-release-linux-x86_64 2.0.3 18.63 67.61 86.24 OK
r-release-macos-arm64 2.0.3 46.00 OK
r-release-macos-x86_64 2.0.3 64.00 OK
r-release-windows-x86_64 2.0.3 21.00 79.00 100.00 OK
r-oldrel-macos-arm64 2.0.3 45.00 OK
r-oldrel-macos-x86_64 2.0.3 93.00 OK
r-oldrel-windows-x86_64 2.0.3 22.00 86.00 108.00 OK

Check Details

Version: 2.0.3
Check: package dependencies
Result: ERROR Packages required but not available: 'dplyr', 'progress', 'purrr', 'tibble' Packages suggested but not available for checking: 'testthat', 'tidyr' See section ‘The DESCRIPTION file’ in the ‘Writing R Extensions’ manual. Flavor: r-devel-linux-x86_64-debian-gcc