CRAN Package Check Results for Package datapasta

Last updated on 2024-06-17 06:50:14 CEST.

Flavor Version Tinstall Tcheck Ttotal Status Flags
r-devel-linux-x86_64-debian-clang 3.1.0 3.84 40.89 44.73 NOTE
r-devel-linux-x86_64-debian-gcc 3.1.0 2.78 30.58 33.36 NOTE
r-devel-linux-x86_64-fedora-clang 3.1.0 55.71 NOTE
r-devel-linux-x86_64-fedora-gcc 3.1.0 64.59 NOTE
r-devel-windows-x86_64 3.1.0 5.00 55.00 60.00 NOTE
r-patched-linux-x86_64 3.1.0 3.78 38.83 42.61 NOTE
r-release-linux-x86_64 3.1.0 3.41 39.35 42.76 NOTE
r-release-macos-arm64 3.1.0 26.00 NOTE
r-release-macos-x86_64 3.1.0 40.00 NOTE
r-release-windows-x86_64 3.1.0 5.00 57.00 62.00 NOTE
r-oldrel-macos-arm64 3.1.0 26.00 NOTE
r-oldrel-macos-x86_64 3.1.0 41.00 NOTE
r-oldrel-windows-x86_64 3.1.0 6.00 56.00 62.00 NOTE

Check Details

Version: 3.1.0
Check: LazyData
Result: NOTE 'LazyData' is specified without a 'data' directory Flavors: r-devel-linux-x86_64-debian-clang, r-devel-linux-x86_64-debian-gcc, r-devel-linux-x86_64-fedora-clang, r-devel-linux-x86_64-fedora-gcc, r-devel-windows-x86_64, r-patched-linux-x86_64, r-release-linux-x86_64, r-release-macos-arm64, r-release-macos-x86_64, r-release-windows-x86_64, r-oldrel-macos-arm64, r-oldrel-macos-x86_64, r-oldrel-windows-x86_64