CRAN Package Check Results for Package dataRetrieval

Last updated on 2024-06-12 17:57:13 CEST.

Flavor Version Tinstall Tcheck Ttotal Status Flags
r-devel-linux-x86_64-debian-clang 2.7.15 7.73 132.27 140.00 OK
r-devel-linux-x86_64-debian-gcc 2.7.15 0.52 1.85 2.37 ERROR
r-devel-linux-x86_64-fedora-clang 2.7.15 171.39 OK
r-devel-linux-x86_64-fedora-gcc 2.7.15 182.08 OK
r-devel-windows-x86_64 2.7.15 9.00 257.00 266.00 OK
r-patched-linux-x86_64 2.7.15 9.97 132.67 142.64 OK
r-release-linux-x86_64 2.7.15 7.22 129.07 136.29 OK
r-release-macos-arm64 2.7.15 189.00 OK
r-release-macos-x86_64 2.7.15 171.00 OK
r-release-windows-x86_64 2.7.15 10.00 243.00 253.00 OK
r-oldrel-macos-arm64 2.7.15 129.00 OK
r-oldrel-macos-x86_64 2.7.15 265.00 OK
r-oldrel-windows-x86_64 2.7.15 12.00 297.00 309.00 OK

Check Details

Version: 2.7.15
Check: package dependencies
Result: ERROR Packages required but not available: 'lubridate', 'readr' Packages suggested but not available for checking: 'dplyr', 'ggplot2', 'tidyr', 'testthat' See section ‘The DESCRIPTION file’ in the ‘Writing R Extensions’ manual. Flavor: r-devel-linux-x86_64-debian-gcc