CRAN Package Check Results for Package dat

Last updated on 2024-06-14 05:58:19 CEST.

Flavor Version Tinstall Tcheck Ttotal Status Flags
r-devel-linux-x86_64-debian-clang 0.5.0 10.16 72.82 82.98 OK
r-devel-linux-x86_64-debian-gcc 0.5.0 0.36 1.86 2.22 ERROR
r-devel-linux-x86_64-fedora-clang 0.5.0 104.29 OK
r-devel-linux-x86_64-fedora-gcc 0.5.0 107.42 OK
r-devel-windows-x86_64 0.5.0 8.00 77.00 85.00 OK
r-patched-linux-x86_64 0.5.0 9.29 69.02 78.31 OK
r-release-linux-x86_64 0.5.0 8.51 70.42 78.93 OK
r-release-macos-arm64 0.5.0 39.00 OK
r-release-macos-x86_64 0.5.0 65.00 OK
r-release-windows-x86_64 0.5.0 9.00 79.00 88.00 OK
r-oldrel-macos-arm64 0.5.0 43.00 OK
r-oldrel-macos-x86_64 0.5.0 61.00 OK
r-oldrel-windows-x86_64 0.5.0 11.00 85.00 96.00 OK

Check Details

Version: 0.5.0
Check: package dependencies
Result: ERROR Packages required but not available: 'progress', 'aoos' Packages suggested but not available for checking: 'dplyr', 'nycflights13', 'testthat', 'tibble' See section ‘The DESCRIPTION file’ in the ‘Writing R Extensions’ manual. Flavor: r-devel-linux-x86_64-debian-gcc