CRAN Package Check Results for Package dartR.base

Last updated on 2024-07-17 18:53:22 CEST.

Flavor Version Tinstall Tcheck Ttotal Status Flags
r-devel-linux-x86_64-debian-clang 0.65 42.51 370.22 412.73 OK
r-devel-linux-x86_64-debian-gcc 0.65 33.32 259.23 292.55 OK
r-devel-linux-x86_64-fedora-clang 0.65 504.04 OK
r-devel-linux-x86_64-fedora-gcc 0.65 501.94 OK
r-devel-windows-x86_64 0.65 40.00 294.00 334.00 NOTE
r-patched-linux-x86_64 0.65 58.12 345.87 403.99 OK
r-release-linux-x86_64 0.65 32.20 348.48 380.68 OK
r-release-macos-arm64 0.65 117.00 NOTE
r-release-macos-x86_64 0.65 204.00 NOTE
r-release-windows-x86_64 0.65 40.00 292.00 332.00 OK
r-oldrel-macos-arm64 0.65 122.00 NOTE
r-oldrel-macos-x86_64 0.65 471.00 NOTE
r-oldrel-windows-x86_64 0.65 51.00 380.00 431.00 OK

Check Details

Version: 0.65
Check: Rd cross-references
Result: NOTE Found the following Rd file(s) with Rd \link{} targets missing package anchors: utils.dart2genlight.Rd: adegenet Please provide package anchors for all Rd \link{} targets not in the package itself and the base packages. Flavor: r-devel-windows-x86_64

Version: 0.65
Check: installed package size
Result: NOTE installed size is 5.1Mb sub-directories of 1Mb or more: R 2.0Mb help 2.2Mb Flavors: r-release-macos-arm64, r-release-macos-x86_64, r-oldrel-macos-arm64, r-oldrel-macos-x86_64

Version: 0.65
Check: package dependencies
Result: NOTE Package suggested but not available for checking: ‘snpStats’ Flavor: r-oldrel-macos-arm64

Version: 0.65
Check: Rd cross-references
Result: NOTE Package unavailable to check Rd xrefs: ‘snpStats’ Flavor: r-oldrel-macos-arm64