CRAN Package Check Results for Package dados

Last updated on 2024-07-20 18:57:28 CEST.

Flavor Version Tinstall Tcheck Ttotal Status Flags
r-devel-linux-x86_64-debian-clang 0.1.0 6.87 89.09 95.96 OK
r-devel-linux-x86_64-debian-gcc 0.1.0 5.11 69.22 74.33 OK
r-devel-linux-x86_64-fedora-clang 0.1.0 120.46 NOTE
r-devel-linux-x86_64-fedora-gcc 0.1.0 113.16 NOTE
r-devel-windows-x86_64 0.1.0 8.00 89.00 97.00 OK
r-patched-linux-x86_64 0.1.0 7.26 82.45 89.71 OK
r-release-linux-x86_64 0.1.0 5.10 82.89 87.99 OK
r-release-macos-arm64 0.1.0 41.00 OK
r-release-macos-x86_64 0.1.0 64.00 OK
r-release-windows-x86_64 0.1.0 8.00 89.00 97.00 OK
r-oldrel-macos-arm64 0.1.0 44.00 OK
r-oldrel-macos-x86_64 0.1.0 69.00 OK
r-oldrel-windows-x86_64 0.1.0 9.00 102.00 111.00 OK

Check Details

Version: 0.1.0
Check: data for non-ASCII characters
Result: NOTE Note: found 109157 marked UTF-8 strings Flavors: r-devel-linux-x86_64-fedora-clang, r-devel-linux-x86_64-fedora-gcc