CRAN Package Check Results for Package cvequality

Last updated on 2024-06-22 17:57:30 CEST.

Flavor Version Tinstall Tcheck Ttotal Status Flags
r-devel-linux-x86_64-debian-clang 0.2.0 2.39 54.51 56.90 NOTE
r-devel-linux-x86_64-debian-gcc 0.2.0 1.81 38.79 40.60 NOTE
r-devel-linux-x86_64-fedora-clang 0.2.0 71.31 NOTE
r-devel-linux-x86_64-fedora-gcc 0.2.0 81.50 NOTE
r-devel-windows-x86_64 0.2.0 3.00 56.00 59.00 NOTE
r-patched-linux-x86_64 0.2.0 1.86 51.60 53.46 NOTE
r-release-linux-x86_64 0.2.0 1.96 50.07 52.03 NOTE
r-release-macos-arm64 0.2.0 27.00 NOTE
r-release-macos-x86_64 0.2.0 44.00 NOTE
r-release-windows-x86_64 0.2.0 3.00 58.00 61.00 NOTE
r-oldrel-macos-arm64 0.2.0 29.00 NOTE
r-oldrel-macos-x86_64 0.2.0 44.00 NOTE
r-oldrel-windows-x86_64 0.2.0 3.00 63.00 66.00 NOTE

Check Details

Version: 0.2.0
Check: LazyData
Result: NOTE 'LazyData' is specified without a 'data' directory Flavors: r-devel-linux-x86_64-debian-clang, r-devel-linux-x86_64-debian-gcc, r-devel-linux-x86_64-fedora-clang, r-devel-linux-x86_64-fedora-gcc, r-devel-windows-x86_64, r-patched-linux-x86_64, r-release-linux-x86_64, r-release-macos-arm64, r-release-macos-x86_64, r-release-windows-x86_64, r-oldrel-macos-arm64, r-oldrel-macos-x86_64, r-oldrel-windows-x86_64