CRAN Package Check Results for Package crsra

Last updated on 2025-01-21 07:49:10 CET.

Flavor Version Tinstall Tcheck Ttotal Status Flags
r-devel-linux-x86_64-debian-clang 0.2.3 10.71 93.15 103.86 NOTE
r-devel-linux-x86_64-debian-gcc 0.2.3 6.59 68.95 75.54 NOTE
r-devel-linux-x86_64-fedora-clang 0.2.3 163.18 OK
r-devel-linux-x86_64-fedora-gcc 0.2.3 164.26 OK
r-devel-windows-x86_64 0.2.3 10.00 103.00 113.00 NOTE
r-patched-linux-x86_64 0.2.3 13.98 85.17 99.15 OK
r-release-linux-x86_64 0.2.3 8.72 85.17 93.89 OK
r-release-macos-arm64 0.2.3 53.00 OK
r-release-macos-x86_64 0.2.3 75.00 OK
r-release-windows-x86_64 0.2.3 11.00 101.00 112.00 OK
r-oldrel-macos-arm64 0.2.3 56.00 OK
r-oldrel-macos-x86_64 0.2.3 87.00 OK
r-oldrel-windows-x86_64 0.2.3 14.00 120.00 134.00 OK

Check Details

Version: 0.2.3
Check: Rd cross-references
Result: NOTE Found the following Rd file(s) with Rd \link{} targets missing package anchors: crsra_anonymize.Rd: digest Please provide package anchors for all Rd \link{} targets not in the package itself and the base packages. Flavors: r-devel-linux-x86_64-debian-clang, r-devel-linux-x86_64-debian-gcc, r-devel-windows-x86_64