Last updated on 2025-01-24 07:49:14 CET.
Flavor | Version | Tinstall | Tcheck | Ttotal | Status | Flags |
---|---|---|---|---|---|---|
r-devel-linux-x86_64-debian-clang | 0.15-38 | 236.73 | 197.45 | 434.18 | OK | |
r-devel-linux-x86_64-debian-gcc | 0.15-38 | 178.80 | 157.01 | 335.81 | NOTE | |
r-devel-linux-x86_64-fedora-clang | 0.15-38 | 848.64 | OK | |||
r-devel-linux-x86_64-fedora-gcc | 0.15-38 | 845.71 | OK | |||
r-devel-windows-x86_64 | 0.15-38 | 267.00 | 154.00 | 421.00 | OK | --no-vignettes |
r-patched-linux-x86_64 | 0.15-38 | 262.07 | 190.34 | 452.41 | OK | |
r-release-linux-x86_64 | 0.15-38 | 261.46 | 195.21 | 456.67 | OK | |
r-release-macos-arm64 | 0.15-38 | 226.00 | NOTE | |||
r-release-macos-x86_64 | 0.15-38 | 256.00 | NOTE | |||
r-release-windows-x86_64 | 0.15-38 | 258.00 | 180.00 | 438.00 | OK | --no-vignettes |
r-oldrel-macos-arm64 | 0.15-38 | 215.00 | NOTE | |||
r-oldrel-macos-x86_64 | 0.15-38 | 251.00 | NOTE | |||
r-oldrel-windows-x86_64 | 0.15-38 | 291.00 | 179.00 | 470.00 | OK | --no-vignettes |
Version: 0.15-38
Check: for unstated dependencies in ‘demo’
Result: NOTE
'library' or 'require' call not declared from: ‘ggplot2’
Flavor: r-devel-linux-x86_64-debian-gcc
Version: 0.15-38
Check: installed package size
Result: NOTE
installed size is 29.3Mb
sub-directories of 1Mb or more:
libs 27.6Mb
Flavors: r-release-macos-arm64, r-release-macos-x86_64, r-oldrel-macos-arm64, r-oldrel-macos-x86_64