CRAN Package Check Results for Package cropdatape

Last updated on 2024-06-20 17:48:59 CEST.

Flavor Version Tinstall Tcheck Ttotal Status Flags
r-devel-linux-x86_64-debian-clang 1.0.0 1.74 21.70 23.44 OK
r-devel-linux-x86_64-debian-gcc 1.0.0 1.19 17.19 18.38 OK
r-devel-linux-x86_64-fedora-clang 1.0.0 30.06 NOTE
r-devel-linux-x86_64-fedora-gcc 1.0.0 30.10 NOTE
r-devel-windows-x86_64 1.0.0 2.00 37.00 39.00 OK
r-patched-linux-x86_64 1.0.0 1.94 20.68 22.62 OK
r-release-linux-x86_64 1.0.0 1.43 21.04 22.47 OK
r-release-macos-arm64 1.0.0 14.00 OK
r-release-macos-x86_64 1.0.0 22.00 OK
r-release-windows-x86_64 1.0.0 3.00 36.00 39.00 OK
r-oldrel-macos-arm64 1.0.0 16.00 OK
r-oldrel-macos-x86_64 1.0.0 21.00 OK
r-oldrel-windows-x86_64 1.0.0 2.00 35.00 37.00 OK

Check Details

Version: 1.0.0
Check: data for non-ASCII characters
Result: NOTE Note: found 3 marked UTF-8 strings Flavors: r-devel-linux-x86_64-fedora-clang, r-devel-linux-x86_64-fedora-gcc