CRAN Package Check Results for Package crew

Last updated on 2024-06-23 06:56:30 CEST.

Flavor Version Tinstall Tcheck Ttotal Status Flags
r-devel-linux-x86_64-debian-clang 0.9.4 15.05 100.00 115.05 OK
r-devel-linux-x86_64-debian-gcc 0.9.4 10.03 71.70 81.73 ERROR
r-devel-linux-x86_64-fedora-clang 0.9.4 149.74 OK
r-devel-linux-x86_64-fedora-gcc 0.9.4 157.13 OK
r-devel-windows-x86_64 0.9.4 13.00 101.00 114.00 OK
r-patched-linux-x86_64 0.9.3 13.76 97.17 110.93 OK
r-release-linux-x86_64 0.9.3 15.30 96.85 112.15 OK
r-release-macos-arm64 0.9.4 66.00 OK
r-release-macos-x86_64 0.9.4 118.00 OK
r-release-windows-x86_64 0.9.3 13.00 102.00 115.00 OK
r-oldrel-macos-arm64 0.9.4 82.00 ERROR
r-oldrel-macos-x86_64 0.9.4 129.00 ERROR
r-oldrel-windows-x86_64 0.9.4 19.00 113.00 132.00 OK

Check Details

Version: 0.9.4
Check: tests
Result: ERROR Running ‘testthat.R’ [7s/13s] Running the tests in ‘tests/testthat.R’ failed. Complete output: > library(testthat) > library(crew) Attaching package: 'crew' The following object is masked from 'package:testthat': matches > > test_check("crew") [ FAIL 1 | WARN 0 | SKIP 91 | PASS 227 ] ══ Skipped tests (91) ══════════════════════════════════════════════════════════ • On CRAN (91): 'test-crew_async.R:7:3', 'test-crew_async.R:18:3', 'test-crew_async.R:42:3', 'test-crew_client.R:24:3', 'test-crew_client.R:109:3', 'test-crew_controller.R:2:3', 'test-crew_controller.R:14:3', 'test-crew_controller.R:44:3', 'test-crew_controller.R:80:3', 'test-crew_controller.R:101:3', 'test-crew_controller.R:120:3', 'test-crew_controller.R:140:3', 'test-crew_controller.R:158:3', 'test-crew_controller.R:205:3', 'test-crew_controller.R:287:3', 'test-crew_controller.R:328:3', 'test-crew_controller.R:345:3', 'test-crew_controller.R:366:3', 'test-crew_controller.R:400:3', 'test-crew_controller.R:428:3', 'test-crew_controller.R:461:3', 'test-crew_controller_group.R:19:3', 'test-crew_controller_group.R:153:3', 'test-crew_controller_group.R:172:3', 'test-crew_controller_group.R:194:3', 'test-crew_controller_group.R:223:3', 'test-crew_controller_group.R:269:3', 'test-crew_controller_group.R:306:3', 'test-crew_controller_group.R:343:3', 'test-crew_controller_group.R:373:3', 'test-crew_controller_group.R:403:3', 'test-crew_controller_group.R:423:3', 'test-crew_controller_group.R:444:3', 'test-crew_controller_group.R:463:3', 'test-crew_controller_group.R:509:3', 'test-crew_controller_group.R:550:3', 'test-crew_controller_group.R:578:3', 'test-crew_controller_group.R:599:3', 'test-crew_controller_group.R:648:3', 'test-crew_controller_group.R:694:3', 'test-crew_controller_group.R:740:3', 'test-crew_controller_local.R:139:3', 'test-crew_controller_local.R:205:3', 'test-crew_controller_local.R:249:3', 'test-crew_controller_local.R:267:3', 'test-crew_controller_local.R:288:3', 'test-crew_controller_local.R:333:3', 'test-crew_eval.R:37:3', 'test-crew_eval.R:43:3', 'test-crew_eval.R:49:3', 'test-crew_eval.R:62:3', 'test-crew_eval.R:70:3', 'test-crew_eval.R:98:3', 'test-crew_eval.R:126:3', 'test-crew_eval.R:149:3', 'test-crew_eval.R:171:3', 'test-crew_launcher.R:2:3', 'test-crew_launcher.R:8:3', 'test-crew_launcher.R:24:3', 'test-crew_launcher.R:37:3', 'test-crew_launcher.R:138:3', 'test-crew_launcher.R:170:3', 'test-crew_launcher.R:206:3', 'test-crew_launcher.R:244:3', 'test-crew_launcher.R:271:3', 'test-crew_launcher.R:306:3', 'test-crew_launcher.R:335:3', 'test-crew_launcher.R:355:3', 'test-crew_launcher_local.R:12:3', 'test-crew_launcher_local.R:27:3', 'test-crew_launcher_local.R:41:3', 'test-crew_launcher_local.R:55:3', 'test-crew_launcher_local.R:120:3', 'test-crew_launcher_local.R:178:3', 'test-crew_launcher_local.R:249:3', 'test-crew_launcher_local.R:284:3', 'test-crew_monitor_local.R:2:3', 'test-crew_monitor_local.R:27:3', 'test-crew_monitor_local.R:44:3', 'test-crew_retry.R:2:3', 'test-crew_retry.R:16:3', 'test-crew_retry.R:29:3', 'test-crew_retry.R:48:3', 'test-crew_retry.R:67:3', 'test-crew_terminate_process.R:2:3', 'test-crew_worker.R:2:3', 'test-plugins.R:2:3', 'test-plugins.R:107:3', 'test-plugins.R:225:3', 'test-utils_files.R:2:3', 'test-utils_packages.R:2:3' ══ Failed tests ════════════════════════════════════════════════════════════════ ── Error ('test-crew_controller_local.R:61:3'): crew_controller_local() ──────── Error in `call_aio_(x)`: R_ExternalPtrTag: argument of type SYMSXP is not an external pointer Backtrace: ▆ 1. └─x$wait(mode = "one", seconds_timeout = 5) at test-crew_controller_local.R:61:3 2. ├─crew::crew_retry(...) 3. │ ├─base::isTRUE(do.call(what = fun, args = args, envir = envir)) 4. │ └─base::do.call(what = fun, args = args, envir = envir) 5. └─crew (local) `<rlng_lm_>`() 6. └─self$scale(throttle = throttle) 7. └─private$.launcher$scale(demand = self$unresolved(), throttle = throttle) 8. └─crew:::walk(x = head(x = unlaunched, n = deficit), f = self$launch) 9. └─base::lapply(X = x, FUN = as_function(f), ...) 10. └─crew (local) FUN(X[[i]], ...) 11. └─mirai::call_mirai_(private$.workers$handle[[index]]) 12. └─nanonext::call_aio_(x) [ FAIL 1 | WARN 0 | SKIP 91 | PASS 227 ] Error: Test failures Execution halted Flavor: r-devel-linux-x86_64-debian-gcc

Version: 0.9.4
Check: running R code from vignettes
Result: ERROR Errors in running code in vignettes: when running code in ‘introduction.Rmd’ ... > task$result[[1]] NULL > results <- controller$map(command = a + b + c + d, + iterate = list(a = c(1, 3), b = c(2, 4)), data = list(c = 5), + globals = list(d = 6) .... [TRUNCATED] When sourcing ‘introduction.R’: Error: cannot map() until all prior tasks are completed and popped Execution halted when running code in ‘plugins.Rmd’ ... controller worker tasks seconds errors warnings <chr> <int> <int> <dbl> <int> <int> 1 custom controller name 1 112 0.006 0 0 2 custom controller name 2 88 0.007 0 0 > controller$schedule$summary() When sourcing ‘plugins.R’: Error: attempt to apply non-function Execution halted ‘groups.Rmd’ using ‘UTF-8’... [2s/4s] OK ‘introduction.Rmd’ using ‘UTF-8’... failed ‘plugins.Rmd’ using ‘UTF-8’... failed ‘promises.Rmd’ using ‘UTF-8’... [0s/0s] OK ‘risks.Rmd’ using ‘UTF-8’... [1s/1s] OK ‘shiny.Rmd’ using ‘UTF-8’... [0s/0s] OK Flavor: r-oldrel-macos-arm64

Version: 0.9.4
Check: running R code from vignettes
Result: ERROR Errors in running code in vignettes: when running code in ‘introduction.Rmd’ ... > task$result[[1]] NULL > results <- controller$map(command = a + b + c + d, + iterate = list(a = c(1, 3), b = c(2, 4)), data = list(c = 5), + globals = list(d = 6) .... [TRUNCATED] When sourcing ‘introduction.R’: Error: cannot map() until all prior tasks are completed and popped Execution halted when running code in ‘plugins.Rmd’ ... controller worker tasks seconds errors warnings <chr> <int> <int> <dbl> <int> <int> 1 custom controller name 1 197 0.008 0 0 2 custom controller name 2 3 0 0 0 > controller$schedule$summary() When sourcing ‘plugins.R’: Error: attempt to apply non-function Execution halted ‘groups.Rmd’ using ‘UTF-8’... [3s/7s] OK ‘introduction.Rmd’ using ‘UTF-8’... failed ‘plugins.Rmd’ using ‘UTF-8’... failed ‘promises.Rmd’ using ‘UTF-8’... [0s/0s] OK ‘risks.Rmd’ using ‘UTF-8’... [1s/1s] OK ‘shiny.Rmd’ using ‘UTF-8’... [0s/0s] OK Flavor: r-oldrel-macos-x86_64