CRAN Package Check Results for Package cpm

Last updated on 2024-07-13 06:49:34 CEST.

Flavor Version Tinstall Tcheck Ttotal Status Flags
r-devel-linux-x86_64-debian-clang 2.3 32.54 34.28 66.82 OK
r-devel-linux-x86_64-debian-gcc 2.3 111.87 25.18 137.05 OK
r-devel-linux-x86_64-fedora-clang 2.3 129.49 NOTE
r-devel-linux-x86_64-fedora-gcc 2.3 259.74 NOTE
r-devel-windows-x86_64 2.3 72.00 55.00 127.00 OK
r-patched-linux-x86_64 2.3 126.00 31.66 157.66 OK
r-release-linux-x86_64 2.3 131.26 31.67 162.93 OK
r-release-macos-arm64 2.3 30.00 OK
r-release-macos-x86_64 2.3 48.00 OK
r-release-windows-x86_64 2.3 75.00 58.00 133.00 OK
r-oldrel-macos-arm64 2.3 34.00 OK
r-oldrel-macos-x86_64 2.3 63.00 OK
r-oldrel-windows-x86_64 2.3 71.00 60.00 131.00 OK

Check Details

Version: 2.3
Check: compiled code
Result: NOTE File ‘cpm/libs/cpm.so’: Found no calls to: ‘R_registerRoutines’, ‘R_useDynamicSymbols’ It is good practice to register native routines and to disable symbol search. See ‘Writing portable packages’ in the ‘Writing R Extensions’ manual. Flavors: r-devel-linux-x86_64-fedora-clang, r-devel-linux-x86_64-fedora-gcc