CRAN Package Check Results for Package coxed

Last updated on 2024-06-14 05:58:19 CEST.

Flavor Version Tinstall Tcheck Ttotal Status Flags
r-devel-linux-x86_64-debian-clang 0.3.3 16.77 191.96 208.73 OK
r-devel-linux-x86_64-debian-gcc 0.3.3 0.50 1.83 2.33 ERROR
r-devel-linux-x86_64-fedora-clang 0.3.3 266.00 NOTE
r-devel-linux-x86_64-fedora-gcc 0.3.3 256.27 NOTE
r-devel-windows-x86_64 0.3.3 15.00 161.00 176.00 OK
r-patched-linux-x86_64 0.3.3 23.69 185.57 209.26 OK
r-release-linux-x86_64 0.3.3 14.71 183.59 198.30 OK
r-release-macos-arm64 0.3.3 75.00 OK
r-release-macos-x86_64 0.3.3 114.00 OK
r-release-windows-x86_64 0.3.3 16.00 160.00 176.00 OK
r-oldrel-macos-arm64 0.3.3 86.00 OK
r-oldrel-macos-x86_64 0.3.3 122.00 OK
r-oldrel-windows-x86_64 0.3.3 20.00 197.00 217.00 OK

Check Details

Version: 0.3.3
Check: package dependencies
Result: ERROR Packages required but not available: 'rms', 'dplyr', 'tidyr', 'ggplot2', 'mediation' See section ‘The DESCRIPTION file’ in the ‘Writing R Extensions’ manual. Flavor: r-devel-linux-x86_64-debian-gcc

Version: 0.3.3
Check: dependencies in R code
Result: NOTE Namespace in Imports field not imported from: ‘mediation’ All declared Imports should be used. Flavors: r-devel-linux-x86_64-fedora-clang, r-devel-linux-x86_64-fedora-gcc