CRAN Package Check Results for Package covid19.analytics

Last updated on 2024-06-23 17:53:53 CEST.

Flavor Version Tinstall Tcheck Ttotal Status Flags
r-devel-linux-x86_64-debian-clang 2.1.3.3 13.30 418.98 432.28 OK
r-devel-linux-x86_64-debian-gcc 2.1.3.3 12.39 261.82 274.21 OK
r-devel-linux-x86_64-fedora-clang 2.1.3.3 508.61 NOTE
r-devel-linux-x86_64-fedora-gcc 2.1.3.3 516.94 OK
r-devel-windows-x86_64 2.1.3.3 14.00 256.00 270.00 NOTE
r-patched-linux-x86_64 2.1.3.3 15.79 386.11 401.90 OK
r-release-linux-x86_64 2.1.3.3 16.65 389.27 405.92 OK
r-release-macos-arm64 2.1.3.3 139.00 NOTE
r-release-macos-x86_64 2.1.3.3 204.00 NOTE
r-release-windows-x86_64 2.1.3.3 17.00 265.00 282.00 NOTE
r-oldrel-macos-arm64 2.1.3.3 136.00 NOTE
r-oldrel-macos-x86_64 2.1.3.3 269.00 NOTE
r-oldrel-windows-x86_64 2.1.3.3 18.00 318.00 336.00 NOTE

Check Details

Version: 2.1.3.3
Check: installed package size
Result: NOTE installed size is 5.1Mb sub-directories of 1Mb or more: doc 1.6Mb extdata 2.7Mb Flavors: r-devel-linux-x86_64-fedora-clang, r-devel-windows-x86_64, r-release-macos-arm64, r-release-macos-x86_64, r-release-windows-x86_64, r-oldrel-macos-arm64, r-oldrel-macos-x86_64, r-oldrel-windows-x86_64