CRAN Package Check Results for Package countrycode

Last updated on 2024-06-12 17:57:12 CEST.

Flavor Version Tinstall Tcheck Ttotal Status Flags
r-devel-linux-x86_64-debian-clang 1.6.0 4.58 95.21 99.79 OK
r-devel-linux-x86_64-debian-gcc 1.6.0 4.22 22.63 26.85 ERROR
r-devel-linux-x86_64-fedora-clang 1.6.0 116.31 NOTE
r-devel-linux-x86_64-fedora-gcc 1.6.0 111.39 NOTE
r-devel-windows-x86_64 1.6.0 6.00 140.00 146.00 OK
r-patched-linux-x86_64 1.6.0 4.58 87.05 91.63 OK
r-release-linux-x86_64 1.6.0 4.67 87.21 91.88 OK
r-release-macos-arm64 1.6.0 38.00 OK
r-release-macos-x86_64 1.6.0 89.00 OK
r-release-windows-x86_64 1.6.0 5.00 138.00 143.00 OK
r-oldrel-macos-arm64 1.6.0 57.00 OK
r-oldrel-macos-x86_64 1.6.0 133.00 OK
r-oldrel-windows-x86_64 1.6.0 6.00 149.00 155.00 OK

Check Details

Version: 1.6.0
Check: package dependencies
Result: NOTE Packages suggested but not available for checking: 'eurostat', 'testthat', 'tibble' Flavor: r-devel-linux-x86_64-debian-gcc

Version: 1.6.0
Check: tests
Result: ERROR Running ‘test-all.R’ [0s/1s] Running the tests in ‘tests/test-all.R’ failed. Complete output: > ## Test `countrycode` using the `testthat` package > > ## Setup > library(testthat) Error in library(testthat) : there is no package called 'testthat' Execution halted Flavor: r-devel-linux-x86_64-debian-gcc

Version: 1.6.0
Check: data for non-ASCII characters
Result: NOTE Note: found 140280 marked UTF-8 strings Flavors: r-devel-linux-x86_64-fedora-clang, r-devel-linux-x86_64-fedora-gcc