Last updated on 2025-01-18 07:50:28 CET.
Flavor | Version | Tinstall | Tcheck | Ttotal | Status | Flags |
---|---|---|---|---|---|---|
r-devel-linux-x86_64-debian-clang | 0.1.0 | 1.89 | 54.32 | 56.21 | OK | |
r-devel-linux-x86_64-debian-gcc | 0.1.0 | 1.44 | 35.02 | 36.46 | OK | |
r-devel-linux-x86_64-fedora-clang | 0.1.0 | 100.88 | OK | |||
r-devel-linux-x86_64-fedora-gcc | 0.1.0 | 93.84 | OK | |||
r-devel-windows-x86_64 | 0.1.0 | 4.00 | 65.00 | 69.00 | OK | |
r-patched-linux-x86_64 | 0.1.0 | 2.07 | 50.14 | 52.21 | NOTE | |
r-release-linux-x86_64 | 0.1.0 | 1.77 | 51.64 | 53.41 | NOTE | |
r-release-macos-arm64 | 0.1.0 | 32.00 | NOTE | |||
r-release-macos-x86_64 | 0.1.0 | 48.00 | NOTE | |||
r-release-windows-x86_64 | 0.1.0 | 3.00 | 64.00 | 67.00 | NOTE | |
r-oldrel-macos-arm64 | 0.1.0 | 31.00 | NOTE | |||
r-oldrel-macos-x86_64 | 0.1.0 | 46.00 | NOTE | |||
r-oldrel-windows-x86_64 | 0.1.0 | 3.00 | 75.00 | 78.00 | NOTE |
Version: 0.1.0
Check: LazyData
Result: NOTE
'LazyData' is specified without a 'data' directory
Flavors: r-patched-linux-x86_64, r-release-linux-x86_64, r-release-macos-arm64, r-release-macos-x86_64, r-release-windows-x86_64, r-oldrel-macos-arm64, r-oldrel-macos-x86_64, r-oldrel-windows-x86_64