CRAN Package Check Results for Package corset

Last updated on 2024-06-13 05:59:01 CEST.

Flavor Version Tinstall Tcheck Ttotal Status Flags
r-devel-linux-x86_64-debian-clang 0.1-5 1.81 32.69 34.50 OK
r-devel-linux-x86_64-debian-gcc 0.1-5 1.82 17.71 19.53 ERROR
r-devel-linux-x86_64-fedora-clang 0.1-5 43.40 OK
r-devel-linux-x86_64-fedora-gcc 0.1-5 64.89 OK
r-devel-windows-x86_64 0.1-5 3.00 45.00 48.00 OK
r-patched-linux-x86_64 0.1-5 1.44 30.98 32.42 OK
r-release-linux-x86_64 0.1-5 2.08 30.76 32.84 OK
r-release-macos-arm64 0.1-5 30.00 OK
r-release-macos-x86_64 0.1-5 41.00 OK
r-release-windows-x86_64 0.1-5 3.00 46.00 49.00 OK
r-oldrel-macos-arm64 0.1-5 28.00 OK
r-oldrel-macos-x86_64 0.1-5 54.00 OK
r-oldrel-windows-x86_64 0.1-5 2.00 49.00 51.00 OK

Check Details

Version: 0.1-5
Check: package dependencies
Result: NOTE Packages suggested but not available for checking: 'forecast', 'hts', 'testthat' Flavor: r-devel-linux-x86_64-debian-gcc

Version: 0.1-5
Check: tests
Result: ERROR Running ‘testthat.R’ [0s/1s] Running the tests in ‘tests/testthat.R’ failed. Complete output: > # file corset/tests/testthat.R > # Copyright (C) 2016 Merck Sharp & Dohme Corp. a subsidiary of Merck & Co. > # , Inc., Kenilworth, NJ, USA. > # > # This program is free software: you can redistribute it and/or modify > # it under the terms of the GNU General Public License as published by > # the Free Software Foundation, either version 3 of the License, or > # (at your option) any later version. > # > # This program is distributed in the hope that it will be useful, > # but WITHOUT ANY WARRANTY; without even the implied warranty of > # MERCHANTABILITY or FITNESS FOR A PARTICULAR PURPOSE. See the > # GNU General Public License for more details. > # > # You should have received a copy of the GNU General Public License > # along with this program. If not, see <http://www.gnu.org/licenses/>. > > Sys.setenv("R_TESTS" = "") > library(testthat) Error in library(testthat) : there is no package called 'testthat' Execution halted Flavor: r-devel-linux-x86_64-debian-gcc