CRAN Package Check Results for Package corrr

Last updated on 2024-07-20 18:57:28 CEST.

Flavor Version Tinstall Tcheck Ttotal Status Flags
r-devel-linux-x86_64-debian-clang 0.4.4 7.51 102.96 110.47 OK
r-devel-linux-x86_64-debian-gcc 0.4.4 4.75 76.36 81.11 OK
r-devel-linux-x86_64-fedora-clang 0.4.4 137.56 OK
r-devel-linux-x86_64-fedora-gcc 0.4.4 138.70 OK
r-devel-windows-x86_64 0.4.4 7.00 95.00 102.00 NOTE
r-patched-linux-x86_64 0.4.4 11.03 99.88 110.91 OK
r-release-linux-x86_64 0.4.4 4.47 97.91 102.38 OK
r-release-macos-arm64 0.4.4 50.00 OK
r-release-macos-x86_64 0.4.4 96.00 OK
r-release-windows-x86_64 0.4.4 8.00 96.00 104.00 OK
r-oldrel-macos-arm64 0.4.4 46.00 OK
r-oldrel-macos-x86_64 0.4.4 69.00 OK
r-oldrel-windows-x86_64 0.4.4 9.00 114.00 123.00 OK

Check Details

Version: 0.4.4
Check: Rd cross-references
Result: NOTE Found the following Rd file(s) with Rd \link{} targets missing package anchors: rplot.Rd: geom_point Please provide package anchors for all Rd \link{} targets not in the package itself and the base packages. Flavor: r-devel-windows-x86_64