CRAN Package Check Results for Package corrViz

Last updated on 2024-06-13 05:59:01 CEST.

Flavor Version Tinstall Tcheck Ttotal Status Flags
r-devel-linux-x86_64-debian-clang 0.1.0 13.62 165.92 179.54 OK
r-devel-linux-x86_64-debian-gcc 0.1.0 0.89 1.87 2.76 ERROR
r-devel-linux-x86_64-fedora-clang 0.1.0 215.81 NOTE
r-devel-linux-x86_64-fedora-gcc 0.1.0 216.25 OK
r-devel-windows-x86_64 0.1.0 12.00 130.00 142.00 NOTE
r-patched-linux-x86_64 0.1.0 10.04 155.12 165.16 OK
r-release-linux-x86_64 0.1.0 11.72 154.57 166.29 OK
r-release-macos-arm64 0.1.0 64.00 NOTE
r-release-macos-x86_64 0.1.0 102.00 NOTE
r-release-windows-x86_64 0.1.0 13.00 131.00 144.00 NOTE
r-oldrel-macos-arm64 0.1.0 56.00 NOTE
r-oldrel-macos-x86_64 0.1.0 143.00 NOTE
r-oldrel-windows-x86_64 0.1.0 15.00 163.00 178.00 NOTE

Check Details

Version: 0.1.0
Check: package dependencies
Result: ERROR Packages required but not available: 'ggplot2', 'plotly', 'gganimate', 'igraph', 'ggraph', 'GGally', 'purrr' See section ‘The DESCRIPTION file’ in the ‘Writing R Extensions’ manual. Flavor: r-devel-linux-x86_64-debian-gcc

Version: 0.1.0
Check: installed package size
Result: NOTE installed size is 7.2Mb sub-directories of 1Mb or more: doc 6.7Mb Flavors: r-devel-linux-x86_64-fedora-clang, r-devel-windows-x86_64, r-release-macos-arm64, r-release-macos-x86_64, r-release-windows-x86_64, r-oldrel-macos-arm64, r-oldrel-macos-x86_64, r-oldrel-windows-x86_64