CRAN Package Check Results for Package corlink

Last updated on 2024-06-22 06:50:41 CEST.

Flavor Version Tinstall Tcheck Ttotal Status Flags
r-devel-linux-x86_64-debian-clang 1.0.0 3.30 29.31 32.61 NOTE
r-devel-linux-x86_64-debian-gcc 1.0.0 2.27 21.82 24.09 NOTE
r-devel-linux-x86_64-fedora-clang 1.0.0 39.42 NOTE
r-devel-linux-x86_64-fedora-gcc 1.0.0 38.99 NOTE
r-devel-windows-x86_64 1.0.0 3.00 39.00 42.00 NOTE
r-patched-linux-x86_64 1.0.0 2.40 28.15 30.55 NOTE
r-release-linux-x86_64 1.0.0 3.16 27.54 30.70 NOTE
r-release-macos-arm64 1.0.0 16.00 NOTE
r-release-macos-x86_64 1.0.0 29.00 NOTE
r-release-windows-x86_64 1.0.0 3.00 39.00 42.00 NOTE
r-oldrel-macos-arm64 1.0.0 18.00 NOTE
r-oldrel-macos-x86_64 1.0.0 23.00 NOTE
r-oldrel-windows-x86_64 1.0.0 5.00 39.00 44.00 NOTE

Check Details

Version: 1.0.0
Check: LazyData
Result: NOTE 'LazyData' is specified without a 'data' directory Flavors: r-devel-linux-x86_64-debian-clang, r-devel-linux-x86_64-debian-gcc, r-devel-linux-x86_64-fedora-clang, r-devel-linux-x86_64-fedora-gcc, r-devel-windows-x86_64, r-patched-linux-x86_64, r-release-linux-x86_64, r-release-macos-arm64, r-release-macos-x86_64, r-release-windows-x86_64, r-oldrel-macos-arm64, r-oldrel-macos-x86_64, r-oldrel-windows-x86_64