CRAN Package Check Results for Package coreCT

Last updated on 2024-06-22 17:57:29 CEST.

Flavor Version Tinstall Tcheck Ttotal Status Flags
r-devel-linux-x86_64-debian-clang 1.3.3 33.57 361.50 395.07 NOTE
r-devel-linux-x86_64-debian-gcc 1.3.3 25.53 260.42 285.95 NOTE
r-devel-linux-x86_64-fedora-clang 1.3.3 509.36 NOTE
r-devel-linux-x86_64-fedora-gcc 1.3.3 479.26 NOTE
r-devel-windows-x86_64 1.3.3 24.00 233.00 257.00 NOTE
r-patched-linux-x86_64 1.3.3 27.87 347.57 375.44 NOTE
r-release-linux-x86_64 1.3.3 30.52 344.98 375.50 NOTE
r-release-macos-arm64 1.3.3 113.00 NOTE
r-release-macos-x86_64 1.3.3 199.00 NOTE
r-release-windows-x86_64 1.3.3 26.00 233.00 259.00 NOTE
r-oldrel-macos-arm64 1.3.3 123.00 OK
r-oldrel-macos-x86_64 1.3.3 222.00 OK
r-oldrel-windows-x86_64 1.3.3 33.00 300.00 333.00 OK

Check Details

Version: 1.3.3
Check: Rd files
Result: NOTE checkRd: (-1) getSurface.Rd:22: Lost braces 22 | value \code{getSurface} shortens the output of \code{conv} to remove artificial surface layers. The output is thus a subset of the input, and identical in structure to the /code{conv} output. | ^ Flavors: r-devel-linux-x86_64-debian-clang, r-devel-linux-x86_64-debian-gcc, r-devel-linux-x86_64-fedora-clang, r-devel-linux-x86_64-fedora-gcc, r-devel-windows-x86_64, r-patched-linux-x86_64, r-release-linux-x86_64, r-release-macos-arm64, r-release-macos-x86_64, r-release-windows-x86_64