CRAN Package Check Results for Package copulaedas

Last updated on 2024-07-23 18:58:55 CEST.

Flavor Version Tinstall Tcheck Ttotal Status Flags
r-devel-linux-x86_64-debian-clang 1.4.3 10.51 110.60 121.11 NOTE
r-devel-linux-x86_64-debian-gcc 1.4.3 8.85 80.91 89.76 NOTE
r-devel-linux-x86_64-fedora-clang 1.4.3 150.50 NOTE
r-devel-linux-x86_64-fedora-gcc 1.4.3 142.45 NOTE
r-devel-windows-x86_64 1.4.3 12.00 91.00 103.00 NOTE
r-patched-linux-x86_64 1.4.3 16.19 101.73 117.92 NOTE
r-release-linux-x86_64 1.4.3 11.24 102.34 113.58 NOTE
r-release-macos-arm64 1.4.3 43.00 NOTE
r-release-macos-x86_64 1.4.3 63.00 NOTE
r-release-windows-x86_64 1.4.3 11.00 93.00 104.00 NOTE
r-oldrel-macos-arm64 1.4.3 47.00 NOTE
r-oldrel-macos-x86_64 1.4.3 83.00 NOTE
r-oldrel-windows-x86_64 1.4.3 14.00 112.00 126.00 NOTE

Check Details

Version: 1.4.3
Check: package dependencies
Result: NOTE Packages suggested but not available for checking: 'cec2005benchmark', 'cec2013' Flavors: r-devel-linux-x86_64-debian-clang, r-devel-linux-x86_64-debian-gcc, r-devel-linux-x86_64-fedora-clang, r-devel-linux-x86_64-fedora-gcc, r-devel-windows-x86_64, r-patched-linux-x86_64, r-release-linux-x86_64, r-release-macos-arm64, r-release-macos-x86_64, r-release-windows-x86_64, r-oldrel-macos-arm64, r-oldrel-macos-x86_64, r-oldrel-windows-x86_64

Version: 1.4.3
Check: Rd cross-references
Result: NOTE Found the following Rd file(s) with Rd \link{} targets missing package anchors: margins.Rd: ptruncnorm, qtruncnorm Please provide package anchors for all Rd \link{} targets not in the package itself and the base packages. Flavors: r-devel-linux-x86_64-debian-gcc, r-devel-windows-x86_64