CRAN Package Check Results for Package cookiemonster

Last updated on 2024-06-14 05:58:18 CEST.

Flavor Version Tinstall Tcheck Ttotal Status Flags
r-devel-linux-x86_64-debian-clang 0.0.3 2.36 35.68 38.04 OK
r-devel-linux-x86_64-debian-gcc 0.0.3 0.22 1.76 1.98 ERROR
r-devel-linux-x86_64-fedora-clang 0.0.3 47.90 OK
r-devel-linux-x86_64-fedora-gcc 0.0.3 58.69 OK
r-devel-windows-x86_64 0.0.3 3.00 50.00 53.00 OK
r-patched-linux-x86_64 0.0.3 2.43 33.90 36.33 OK
r-release-linux-x86_64 0.0.3 2.37 34.53 36.90 OK
r-release-macos-arm64 0.0.3 29.00 OK
r-release-macos-x86_64 0.0.3 40.00 OK
r-release-windows-x86_64 0.0.3 4.00 53.00 57.00 OK
r-oldrel-macos-arm64 0.0.3 33.00 OK
r-oldrel-macos-x86_64 0.0.3 52.00 OK
r-oldrel-windows-x86_64 0.0.3 4.00 52.00 56.00 OK

Check Details

Version: 0.0.3
Check: package dependencies
Result: ERROR Packages required but not available: 'tibble', 'vctrs' Packages suggested but not available for checking: 'httr2', 'testthat' See section ‘The DESCRIPTION file’ in the ‘Writing R Extensions’ manual. Flavor: r-devel-linux-x86_64-debian-gcc