CRAN Package Check Results for Package container

Last updated on 2024-06-14 05:58:18 CEST.

Flavor Version Tinstall Tcheck Ttotal Status Flags
r-devel-linux-x86_64-debian-clang 1.0.4 11.05 111.13 122.18 OK
r-devel-linux-x86_64-debian-gcc 1.0.4 8.70 219.35 228.05 ERROR
r-devel-linux-x86_64-fedora-clang 1.0.4 151.55 OK
r-devel-linux-x86_64-fedora-gcc 1.0.4 161.09 OK
r-devel-windows-x86_64 1.0.4 11.00 109.00 120.00 OK
r-patched-linux-x86_64 1.0.4 11.77 111.05 122.82 OK
r-release-linux-x86_64 1.0.4 12.61 102.31 114.92 OK
r-release-macos-arm64 1.0.4 50.00 OK
r-release-macos-x86_64 1.0.4 78.00 OK
r-release-windows-x86_64 1.0.4 10.00 109.00 119.00 OK
r-oldrel-macos-arm64 1.0.4 55.00 OK
r-oldrel-macos-x86_64 1.0.4 83.00 OK
r-oldrel-windows-x86_64 1.0.4 12.00 125.00 137.00 OK

Check Details

Version: 1.0.4
Check: package dependencies
Result: NOTE Packages suggested but not available for checking: 'ggplot2', 'dplyr', 'tibble', 'testthat' Flavor: r-devel-linux-x86_64-debian-gcc

Version: 1.0.4
Check: re-building of vignette outputs
Result: ERROR Error(s) in re-building vignettes: ... --- re-building ‘code-development.Rmd’ using rmarkdown --- finished re-building ‘code-development.Rmd’ --- re-building ‘container.Rmd’ using rmarkdown --- finished re-building ‘container.Rmd’ --- re-building ‘deque-set-dict.Rmd’ using rmarkdown --- finished re-building ‘deque-set-dict.Rmd’ --- re-building ‘manage-data-columns.Rmd’ using rmarkdown Quitting from lines 19-37 [knitr-setup] (manage-data-columns.Rmd) Error: processing vignette 'manage-data-columns.Rmd' failed with diagnostics: there is no package called 'ggplot2' --- failed re-building ‘manage-data-columns.Rmd’ --- re-building ‘parameter-list.Rmd’ using rmarkdown --- finished re-building ‘parameter-list.Rmd’ --- re-building ‘reference-semantics.Rmd’ using rmarkdown --- finished re-building ‘reference-semantics.Rmd’ SUMMARY: processing the following file failed: ‘manage-data-columns.Rmd’ Error: Vignette re-building failed. Execution halted Flavor: r-devel-linux-x86_64-debian-gcc