CRAN Package Check Results for Package conquer

Last updated on 2024-07-21 18:54:08 CEST.

Flavor Version Tinstall Tcheck Ttotal Status Flags
r-devel-linux-x86_64-debian-clang 1.3.3 175.62 82.12 257.74 OK
r-devel-linux-x86_64-debian-gcc 1.3.3 137.64 65.52 203.16 OK
r-devel-linux-x86_64-fedora-clang 1.3.3 423.46 OK
r-devel-linux-x86_64-fedora-gcc 1.3.3 454.98 OK
r-devel-windows-x86_64 1.3.3 141.00 102.00 243.00 OK
r-patched-linux-x86_64 1.3.3 181.45 82.80 264.25 OK
r-release-linux-x86_64 1.3.3 177.20 79.78 256.98 OK
r-release-macos-arm64 1.3.3 92.00 NOTE
r-release-macos-x86_64 1.3.3 117.00 NOTE
r-release-windows-x86_64 1.3.3 161.00 102.00 263.00 OK
r-oldrel-macos-arm64 1.3.3 113.00 NOTE
r-oldrel-macos-x86_64 1.3.3 203.00 NOTE
r-oldrel-windows-x86_64 1.3.3 199.00 121.00 320.00 OK

Check Details

Version: 1.3.3
Check: installed package size
Result: NOTE installed size is 19.7Mb sub-directories of 1Mb or more: libs 19.4Mb Flavors: r-release-macos-arm64, r-release-macos-x86_64, r-oldrel-macos-arm64, r-oldrel-macos-x86_64