CRAN Package Check Results for Package connectwidgets

Last updated on 2024-07-22 18:52:18 CEST.

Flavor Version Tinstall Tcheck Ttotal Status Flags
r-devel-linux-x86_64-debian-clang 0.2.1 5.96 50.92 56.88 OK
r-devel-linux-x86_64-debian-gcc 0.2.1 4.82 38.42 43.24 OK
r-devel-linux-x86_64-fedora-clang 0.2.1 74.71 NOTE
r-devel-linux-x86_64-fedora-gcc 0.2.1 82.06 OK
r-devel-windows-x86_64 0.2.1 10.00 65.00 75.00 OK
r-patched-linux-x86_64 0.2.1 6.28 48.72 55.00 OK
r-release-linux-x86_64 0.2.1 3.72 48.66 52.38 OK
r-release-macos-arm64 0.2.1 31.00 OK
r-release-macos-x86_64 0.2.1 48.00 OK
r-release-windows-x86_64 0.2.1 6.00 64.00 70.00 OK
r-oldrel-macos-arm64 0.2.1 30.00 OK
r-oldrel-macos-x86_64 0.2.1 87.00 OK
r-oldrel-windows-x86_64 0.2.1 8.00 76.00 84.00 OK

Check Details

Version: 0.2.1
Check: installed package size
Result: NOTE installed size is 5.0Mb sub-directories of 1Mb or more: htmlwidgets 3.9Mb Flavor: r-devel-linux-x86_64-fedora-clang