CRAN Package Check Results for Package connectoModa

Last updated on 2024-06-13 05:59:00 CEST.

Flavor Version Tinstall Tcheck Ttotal Status Flags
r-devel-linux-x86_64-debian-clang 1.0.0 1.46 20.81 22.27 OK
r-devel-linux-x86_64-debian-gcc 1.0.0 0.25 1.68 1.93 ERROR
r-devel-linux-x86_64-fedora-clang 1.0.0 28.67 OK
r-devel-linux-x86_64-fedora-gcc 1.0.0 27.00 OK
r-devel-windows-x86_64 1.0.0 3.00 37.00 40.00 OK
r-patched-linux-x86_64 1.0.0 1.57 20.28 21.85 OK
r-release-linux-x86_64 1.0.0 1.38 20.07 21.45 OK
r-release-macos-arm64 1.0.0 14.00 OK
r-release-macos-x86_64 1.0.0 20.00 OK
r-release-windows-x86_64 1.0.0 3.00 39.00 42.00 OK
r-oldrel-macos-arm64 1.0.0 19.00 OK
r-oldrel-macos-x86_64 1.0.0 32.00 OK
r-oldrel-windows-x86_64 1.0.0 3.00 38.00 41.00 OK

Check Details

Version: 1.0.0
Check: package dependencies
Result: ERROR Package required but not available: ‘readr’ See section ‘The DESCRIPTION file’ in the ‘Writing R Extensions’ manual. Flavor: r-devel-linux-x86_64-debian-gcc