CRAN Package Check Results for Package condMVNorm

Last updated on 2024-07-13 18:55:30 CEST.

Flavor Version Tinstall Tcheck Ttotal Status Flags
r-devel-linux-x86_64-debian-clang 2020.1 1.96 21.91 23.87 OK
r-devel-linux-x86_64-debian-gcc 2020.1 1.59 16.80 18.39 OK
r-devel-linux-x86_64-fedora-clang 2020.1 30.06 OK
r-devel-linux-x86_64-fedora-gcc 2020.1 27.37 OK
r-devel-windows-x86_64 2020.1 3.00 39.00 42.00 NOTE
r-patched-linux-x86_64 2020.1 2.37 20.49 22.86 OK
r-release-linux-x86_64 2020.1 1.61 20.33 21.94 OK
r-release-macos-arm64 2020.1 14.00 OK
r-release-macos-x86_64 2020.1 21.00 OK
r-release-windows-x86_64 2020.1 2.00 40.00 42.00 OK
r-oldrel-macos-arm64 2020.1 17.00 OK
r-oldrel-macos-x86_64 2020.1 22.00 OK
r-oldrel-windows-x86_64 2020.1 3.00 40.00 43.00 OK

Check Details

Version: 2020.1
Check: Rd cross-references
Result: NOTE Found the following Rd file(s) with Rd \link{} targets missing package anchors: cmvnorm.Rd: pmvnorm, dmvnorm, qmvnorm condMVN.Rd: pmvnorm, dmvnorm, qmvnorm pcmvnorm.Rd: GenzBretz, Miwa, TVPACK, pmvnorm Please provide package anchors for all Rd \link{} targets not in the package itself and the base packages. Flavor: r-devel-windows-x86_64