CRAN Package Check Results for Package concom

Last updated on 2025-06-22 12:49:41 CEST.

Flavor Version Tinstall Tcheck Ttotal Status Flags
r-devel-linux-x86_64-debian-clang 1.0.0 13.19 31.85 45.04 NOTE
r-devel-linux-x86_64-debian-gcc 1.0.0 9.61 27.90 37.51 NOTE
r-devel-linux-x86_64-fedora-clang 1.0.0 75.31 NOTE
r-devel-linux-x86_64-fedora-gcc 1.0.0 70.43 NOTE
r-devel-windows-x86_64 1.0.0 19.00 71.00 90.00 NOTE
r-patched-linux-x86_64 1.0.0 13.25 30.58 43.83 NOTE
r-release-linux-x86_64 1.0.0 13.80 30.46 44.26 NOTE
r-release-macos-arm64 1.0.0 30.00 NOTE
r-release-macos-x86_64 1.0.0 43.00 NOTE
r-release-windows-x86_64 1.0.0 20.00 70.00 90.00 NOTE
r-oldrel-macos-arm64 1.0.0 25.00 NOTE
r-oldrel-macos-x86_64 1.0.0 36.00 NOTE
r-oldrel-windows-x86_64 1.0.0 24.00 81.00 105.00 NOTE

Check Details

Version: 1.0.0
Check: C++ specification
Result: NOTE Specified C++11: please drop specification unless essential Flavors: r-devel-linux-x86_64-debian-clang, r-devel-linux-x86_64-debian-gcc, r-devel-linux-x86_64-fedora-clang, r-devel-linux-x86_64-fedora-gcc, r-devel-windows-x86_64, r-patched-linux-x86_64, r-release-linux-x86_64, r-release-macos-arm64, r-release-macos-x86_64, r-release-windows-x86_64, r-oldrel-macos-arm64, r-oldrel-macos-x86_64, r-oldrel-windows-x86_64