CRAN Package Check Results for Package complexlm

Last updated on 2024-06-13 17:49:06 CEST.

Flavor Version Tinstall Tcheck Ttotal Status Flags
r-devel-linux-x86_64-debian-clang 1.1.2 5.32 48.01 53.33 OK
r-devel-linux-x86_64-debian-gcc 1.1.2 4.27 31.34 35.61 ERROR
r-devel-linux-x86_64-fedora-clang 1.1.2 65.73 OK
r-devel-linux-x86_64-fedora-gcc 1.1.2 63.01 OK
r-devel-windows-x86_64 1.1.2 5.00 58.00 63.00 OK
r-patched-linux-x86_64 1.1.2 5.30 44.66 49.96 OK
r-release-linux-x86_64 1.1.2 5.27 46.40 51.67 OK
r-release-macos-arm64 1.1.2 21.00 OK
r-release-macos-x86_64 1.1.2 37.00 OK
r-release-windows-x86_64 1.1.2 5.00 59.00 64.00 OK
r-oldrel-macos-arm64 1.1.2 27.00 OK
r-oldrel-macos-x86_64 1.1.2 62.00 OK
r-oldrel-windows-x86_64 1.1.2 5.00 67.00 72.00 OK

Check Details

Version: 1.1.2
Check: package dependencies
Result: NOTE Packages suggested but not available for checking: 'dplyr', 'ggforce', 'ggplot2', 'reshape2' Flavor: r-devel-linux-x86_64-debian-gcc

Version: 1.1.2
Check: tests
Result: ERROR Running ‘complex_rlm.R’ [0s/1s] Running the tests in ‘tests/complex_rlm.R’ failed. Complete output: > #### > #### William Ryan > #### 12 September, 2021 > #### Test script for complex robust linear fit (rlm). > #### Modified from rlm in MASS. > #### Test script based on Wuber's answer on stackexchange https://stats.stackexchange.com/questions/66088/analysis-with-complex-data-anything-different# > #### > > > library(complexlm) Loading required package: MASS Attaching package: 'complexlm' The following objects are masked from 'package:MASS': psi.bisquare, psi.hampel, psi.huber, rlm The following objects are masked from 'package:stats': cor, cov, lm, lm.fit, lm.wfit, mad, mahalanobis, var The following object is masked from 'package:base': range > library(MASS, include.only = "mvrnorm") > library(ggplot2) Error in library(ggplot2) : there is no package called 'ggplot2' Execution halted Flavor: r-devel-linux-x86_64-debian-gcc