CRAN Package Check Results for Package comperank

Last updated on 2024-06-17 17:57:03 CEST.

Flavor Version Tinstall Tcheck Ttotal Status Flags
r-devel-linux-x86_64-debian-clang 0.1.1 29.17 87.15 116.32 NOTE
r-devel-linux-x86_64-debian-gcc 0.1.1 15.97 64.65 80.62 NOTE
r-devel-linux-x86_64-fedora-clang 0.1.1 146.62 NOTE
r-devel-linux-x86_64-fedora-gcc 0.1.1 158.18 NOTE
r-devel-windows-x86_64 0.1.1 21.00 99.00 120.00 NOTE
r-patched-linux-x86_64 0.1.1 18.33 82.02 100.35 NOTE
r-release-linux-x86_64 0.1.1 14.57 85.08 99.65 NOTE
r-release-macos-arm64 0.1.1 53.00 NOTE
r-release-macos-x86_64 0.1.1 89.00 NOTE
r-release-windows-x86_64 0.1.1 22.00 96.00 118.00 NOTE
r-oldrel-macos-arm64 0.1.1 53.00 OK
r-oldrel-macos-x86_64 0.1.1 86.00 OK
r-oldrel-windows-x86_64 0.1.1 28.00 122.00 150.00 OK

Check Details

Version: 0.1.1
Check: Rd files
Result: NOTE checkRd: (-1) keener.Rd:82: Lost braces; missing escapes or markup? 82 | a_{ij} = (S_ij + 1) / (S_ij + S_ji + 2). This step should make comparing | ^ Flavors: r-devel-linux-x86_64-debian-clang, r-devel-linux-x86_64-debian-gcc, r-devel-linux-x86_64-fedora-clang, r-devel-linux-x86_64-fedora-gcc, r-devel-windows-x86_64, r-patched-linux-x86_64, r-release-linux-x86_64, r-release-macos-arm64, r-release-macos-x86_64, r-release-windows-x86_64