CRAN Package Check Results for Package coenocliner

Last updated on 2024-06-23 06:56:29 CEST.

Flavor Version Tinstall Tcheck Ttotal Status Flags
r-devel-linux-x86_64-debian-clang 0.2-3 3.26 42.47 45.73 OK
r-devel-linux-x86_64-debian-gcc 0.2-3 1.89 32.77 34.66 OK
r-devel-linux-x86_64-fedora-clang 0.2-3 60.24 OK
r-devel-linux-x86_64-fedora-gcc 0.2-3 73.04 OK
r-devel-windows-x86_64 0.2-3 4.00 73.00 77.00 OK
r-patched-linux-x86_64 0.2-3 2.75 42.21 44.96 OK
r-release-linux-x86_64 0.2-3 3.10 41.75 44.85 OK
r-release-macos-arm64 0.2-3 27.00 OK
r-release-macos-x86_64 0.2-3 44.00 WARN
r-release-windows-x86_64 0.2-3 5.00 74.00 79.00 OK
r-oldrel-macos-arm64 0.2-3 28.00 OK
r-oldrel-macos-x86_64 0.2-3 42.00 OK
r-oldrel-windows-x86_64 0.2-3 4.00 72.00 76.00 OK

Check Details

Version: 0.2-3
Check: re-building of vignette outputs
Result: WARN Error(s) in re-building vignettes: ... --- re-building ‘coenocliner.Rnw’ using knitr Error: processing vignette 'coenocliner.Rnw' failed with diagnostics: Running 'texi2dvi' on 'coenocliner.tex' failed. LaTeX errors: ! Undefined control sequence. l.132 \hlkwd{library}\hldef {(}\hlsng{"coenocliner"}\hldef{)} ? ! Emergency stop. ! Emergency stop. l.132 End of file on the terminal! ! ==> Fatal error occurred, no output PDF file produced! --- failed re-building ‘coenocliner.Rnw’ SUMMARY: processing the following file failed: ‘coenocliner.Rnw’ Error: Vignette re-building failed. Execution halted Flavor: r-release-macos-x86_64