CRAN Package Check Results for Package codebookr

Last updated on 2024-06-14 05:58:18 CEST.

Flavor Version Tinstall Tcheck Ttotal Status Flags
r-devel-linux-x86_64-debian-clang 0.1.8 6.16 65.74 71.90 OK
r-devel-linux-x86_64-debian-gcc 0.1.8 0.29 1.73 2.02 ERROR
r-devel-linux-x86_64-fedora-clang 0.1.8 89.56 OK
r-devel-linux-x86_64-fedora-gcc 0.1.8 83.03 OK
r-devel-windows-x86_64 0.1.8 6.00 68.00 74.00 OK
r-patched-linux-x86_64 0.1.8 6.77 63.85 70.62 OK
r-release-linux-x86_64 0.1.8 3.59 62.61 66.20 OK
r-release-macos-arm64 0.1.8 31.00 OK
r-release-macos-x86_64 0.1.8 43.00 OK
r-release-windows-x86_64 0.1.8 8.00 70.00 78.00 OK
r-oldrel-macos-arm64 0.1.8 35.00 OK
r-oldrel-macos-x86_64 0.1.8 61.00 OK
r-oldrel-windows-x86_64 0.1.8 8.00 79.00 87.00 OK

Check Details

Version: 0.1.8
Check: package dependencies
Result: ERROR Packages required but not available: 'haven', 'dplyr', 'purrr', 'stringr', 'tibble', 'tidyr' Packages suggested but not available for checking: 'hms', 'testthat' See section ‘The DESCRIPTION file’ in the ‘Writing R Extensions’ manual. Flavor: r-devel-linux-x86_64-debian-gcc