Last updated on 2025-01-21 07:49:09 CET.
Flavor | Version | Tinstall | Tcheck | Ttotal | Status | Flags |
---|---|---|---|---|---|---|
r-devel-linux-x86_64-debian-clang | 0.7.2 | 118.07 | 101.47 | 219.54 | OK | |
r-devel-linux-x86_64-debian-gcc | 0.7.2 | 81.04 | 71.32 | 152.36 | OK | |
r-devel-linux-x86_64-fedora-clang | 0.7.2 | 410.84 | OK | |||
r-devel-linux-x86_64-fedora-gcc | 0.7.2 | 429.78 | OK | |||
r-devel-windows-x86_64 | 0.7.2 | 118.00 | 145.00 | 263.00 | OK | |
r-patched-linux-x86_64 | 0.7.2 | 120.99 | 94.90 | 215.89 | NOTE | |
r-release-linux-x86_64 | 0.7.2 | 119.53 | 94.37 | 213.90 | NOTE | |
r-release-macos-arm64 | 0.7.2 | 104.00 | NOTE | |||
r-release-macos-x86_64 | 0.7.2 | 124.00 | NOTE | |||
r-release-windows-x86_64 | 0.7.2 | 120.00 | 140.00 | 260.00 | NOTE | |
r-oldrel-macos-arm64 | 0.7.2 | 110.00 | NOTE | |||
r-oldrel-macos-x86_64 | 0.7.2 | 200.00 | NOTE | |||
r-oldrel-windows-x86_64 | 0.7.2 | 136.00 | 171.00 | 307.00 | NOTE |
Version: 0.7.2
Check: package dependencies
Result: NOTE
Package suggested but not available for checking: ‘PopGenome’
Flavors: r-patched-linux-x86_64, r-release-linux-x86_64, r-release-macos-arm64, r-release-macos-x86_64, r-release-windows-x86_64, r-oldrel-macos-arm64, r-oldrel-macos-x86_64, r-oldrel-windows-x86_64
Version: 0.7.2
Check: installed package size
Result: NOTE
installed size is 6.3Mb
sub-directories of 1Mb or more:
R 2.0Mb
libs 3.6Mb
Flavors: r-release-macos-arm64, r-release-macos-x86_64, r-oldrel-macos-arm64, r-oldrel-macos-x86_64