CRAN Package Check Results for Package cnaOpt

Last updated on 2024-07-25 06:52:10 CEST.

Flavor Version Tinstall Tcheck Ttotal Status Flags
r-devel-linux-x86_64-debian-clang 0.5.2 37.23 114.11 151.34 OK
r-devel-linux-x86_64-debian-gcc 0.5.2 27.66 84.12 111.78 NOTE
r-devel-linux-x86_64-fedora-clang 0.5.2 219.50 OK
r-devel-linux-x86_64-fedora-gcc 0.5.2 185.35 OK
r-devel-windows-x86_64 0.5.2 32.00 107.00 139.00 NOTE
r-patched-linux-x86_64 0.5.2 45.27 108.12 153.39 OK
r-release-linux-x86_64 0.5.2 25.38 107.78 133.16 OK
r-release-macos-arm64 0.5.2 53.00 OK
r-release-macos-x86_64 0.5.2 72.00 OK
r-release-windows-x86_64 0.5.2 42.00 111.00 153.00 OK
r-oldrel-macos-arm64 0.5.2 59.00 OK
r-oldrel-macos-x86_64 0.5.2 97.00 OK
r-oldrel-windows-x86_64 0.5.2 41.00 138.00 179.00 OK

Check Details

Version: 0.5.2
Check: Rd cross-references
Result: NOTE Found the following Rd file(s) with Rd \link{} targets missing package anchors: cnaOpt.Rd: configTable, rreduce, condTbl, cna conCovOpt.Rd: configTable, cna conCovOpt_utils.Rd: rreduce, condTbl ereduce.Rd: full.ct findOutcomes.Rd: configTable, cna, selectCases, full.ct Please provide package anchors for all Rd \link{} targets not in the package itself and the base packages. Flavors: r-devel-linux-x86_64-debian-gcc, r-devel-windows-x86_64