CRAN Package Check Results for Package clv

Last updated on 2024-06-22 17:57:29 CEST.

Flavor Version Tinstall Tcheck Ttotal Status Flags
r-devel-linux-x86_64-debian-clang 0.3-2.4 7.95 39.53 47.48 OK
r-devel-linux-x86_64-debian-gcc 0.3-2.4 6.59 29.34 35.93 OK
r-devel-linux-x86_64-fedora-clang 0.3-2.4 58.02 NOTE
r-devel-linux-x86_64-fedora-gcc 0.3-2.4 59.46 NOTE
r-devel-windows-x86_64 0.3-2.4 12.00 52.00 64.00 OK
r-patched-linux-x86_64 0.3-2.4 7.26 37.37 44.63 OK
r-release-linux-x86_64 0.3-2.4 7.89 37.59 45.48 OK
r-release-macos-arm64 0.3-2.4 21.00 OK
r-release-macos-x86_64 0.3-2.4 33.00 OK
r-release-windows-x86_64 0.3-2.4 13.00 55.00 68.00 OK
r-oldrel-macos-arm64 0.3-2.4 26.00 OK
r-oldrel-macos-x86_64 0.3-2.4 51.00 OK
r-oldrel-windows-x86_64 0.3-2.4 12.00 58.00 70.00 OK

Check Details

Version: 0.3-2.4
Check: compiled code
Result: NOTE File ‘clv/libs/clv.so’: Found no calls to: ‘R_registerRoutines’, ‘R_useDynamicSymbols’ It is good practice to register native routines and to disable symbol search. See ‘Writing portable packages’ in the ‘Writing R Extensions’ manual. Flavors: r-devel-linux-x86_64-fedora-clang, r-devel-linux-x86_64-fedora-gcc