CRAN Package Check Results for Package clustering.sc.dp

Last updated on 2024-06-22 06:50:41 CEST.

Flavor Version Tinstall Tcheck Ttotal Status Flags
r-devel-linux-x86_64-debian-clang 1.1 6.19 21.26 27.45 OK
r-devel-linux-x86_64-debian-gcc 1.1 4.69 16.67 21.36 OK
r-devel-linux-x86_64-fedora-clang 1.1 38.75 NOTE
r-devel-linux-x86_64-fedora-gcc 1.1 35.99 NOTE
r-devel-windows-x86_64 1.1 8.00 40.00 48.00 OK
r-patched-linux-x86_64 1.1 5.59 20.25 25.84 OK
r-release-linux-x86_64 1.1 5.55 20.37 25.92 OK
r-release-macos-arm64 1.1 15.00 OK
r-release-macos-x86_64 1.1 22.00 OK
r-release-windows-x86_64 1.1 6.00 39.00 45.00 OK
r-oldrel-macos-arm64 1.1 16.00 OK
r-oldrel-macos-x86_64 1.1 20.00 OK
r-oldrel-windows-x86_64 1.1 8.00 55.00 63.00 OK

Check Details

Version: 1.1
Check: compiled code
Result: NOTE File ‘clustering.sc.dp/libs/clustering.sc.dp.so’: Found no calls to: ‘R_registerRoutines’, ‘R_useDynamicSymbols’ It is good practice to register native routines and to disable symbol search. See ‘Writing portable packages’ in the ‘Writing R Extensions’ manual. Flavors: r-devel-linux-x86_64-fedora-clang, r-devel-linux-x86_64-fedora-gcc