CRAN Package Check Results for Package clinsig

Last updated on 2024-06-13 05:59:00 CEST.

Flavor Version Tinstall Tcheck Ttotal Status Flags
r-devel-linux-x86_64-debian-clang 1.2 2.61 23.30 25.91 NOTE
r-devel-linux-x86_64-debian-gcc 1.2 2.03 17.75 19.78 NOTE
r-devel-linux-x86_64-fedora-clang 1.2 32.14 NOTE
r-devel-linux-x86_64-fedora-gcc 1.2 30.38 NOTE
r-devel-windows-x86_64 1.2 3.00 39.00 42.00 NOTE
r-patched-linux-x86_64 1.2 1.86 21.85 23.71 NOTE
r-release-linux-x86_64 1.2 2.63 22.62 25.25 NOTE
r-release-macos-arm64 1.2 14.00 NOTE
r-release-macos-x86_64 1.2 22.00 NOTE
r-release-windows-x86_64 1.2 2.00 38.00 40.00 NOTE
r-oldrel-macos-arm64 1.2 14.00 OK
r-oldrel-macos-x86_64 1.2 19.00 OK
r-oldrel-windows-x86_64 1.2 3.00 39.00 42.00 OK

Check Details

Version: 1.2
Check: Rd files
Result: NOTE checkRd: (-1) clinsig.Rd:129: Lost braces 129 | be calculated with the measures specified in samp{mct} and samp{disp}, | ^ checkRd: (-1) clinsig.Rd:129: Lost braces 129 | be calculated with the measures specified in samp{mct} and samp{disp}, | ^ Flavors: r-devel-linux-x86_64-debian-clang, r-devel-linux-x86_64-debian-gcc, r-devel-linux-x86_64-fedora-clang, r-devel-linux-x86_64-fedora-gcc, r-devel-windows-x86_64, r-patched-linux-x86_64, r-release-linux-x86_64, r-release-macos-arm64, r-release-macos-x86_64, r-release-windows-x86_64