CRAN Package Check Results for Package clifford

Last updated on 2024-07-24 06:57:11 CEST.

Flavor Version Tinstall Tcheck Ttotal Status Flags
r-devel-linux-x86_64-debian-clang 1.0-8 19.14 231.60 250.74 NOTE
r-devel-linux-x86_64-debian-gcc 1.0-8 18.03 173.67 191.70 NOTE
r-devel-linux-x86_64-fedora-clang 1.0-8 327.22 NOTE
r-devel-linux-x86_64-fedora-gcc 1.0-8 322.33 NOTE
r-devel-windows-x86_64 1.0-8 24.00 216.00 240.00 NOTE
r-patched-linux-x86_64 1.0-8 26.90 219.10 246.00 NOTE
r-release-linux-x86_64 1.0-8 20.62 223.28 243.90 NOTE
r-release-macos-arm64 1.0-8 86.00 NOTE
r-release-macos-x86_64 1.0-8 137.00 NOTE
r-release-windows-x86_64 1.0-8 27.00 213.00 240.00 NOTE
r-oldrel-macos-arm64 1.0-8 102.00 NOTE
r-oldrel-macos-x86_64 1.0-8 183.00 NOTE
r-oldrel-windows-x86_64 1.0-8 28.00 281.00 309.00 NOTE

Check Details

Version: 1.0-8
Check: C++ specification
Result: NOTE Specified C++11: please drop specification unless essential Flavors: r-devel-linux-x86_64-debian-clang, r-devel-linux-x86_64-debian-gcc, r-devel-linux-x86_64-fedora-clang, r-devel-linux-x86_64-fedora-gcc, r-devel-windows-x86_64, r-patched-linux-x86_64, r-release-linux-x86_64, r-release-macos-arm64, r-release-macos-x86_64, r-release-windows-x86_64, r-oldrel-macos-arm64, r-oldrel-macos-x86_64, r-oldrel-windows-x86_64