CRAN Package Check Results for Package ciu

Last updated on 2024-06-13 17:49:06 CEST.

Flavor Version Tinstall Tcheck Ttotal Status Flags
r-devel-linux-x86_64-debian-clang 0.6.0 6.67 66.36 73.03 NOTE
r-devel-linux-x86_64-debian-gcc 0.6.0 0.33 1.71 2.04 ERROR
r-devel-linux-x86_64-fedora-clang 0.6.0 89.98 NOTE
r-devel-linux-x86_64-fedora-gcc 0.6.0 83.62 NOTE
r-devel-windows-x86_64 0.6.0 7.00 66.00 73.00 NOTE
r-patched-linux-x86_64 0.6.0 7.26 63.05 70.31 NOTE
r-release-linux-x86_64 0.6.0 6.39 62.30 68.69 NOTE
r-release-macos-arm64 0.6.0 27.00 NOTE
r-release-macos-x86_64 0.6.0 43.00 NOTE
r-release-windows-x86_64 0.6.0 7.00 67.00 74.00 NOTE
r-oldrel-macos-arm64 0.6.0 32.00 OK
r-oldrel-macos-x86_64 0.6.0 45.00 OK
r-oldrel-windows-x86_64 0.6.0 10.00 78.00 88.00 OK

Check Details

Version: 0.6.0
Check: Rd files
Result: NOTE checkRd: (-1) ciu.ggplot.col.Rd:41: Lost braces; missing escapes or markup? 41 | \item{ind.inputs}{Indices of input features to explain (the set {i} in CIU | ^ checkRd: (-1) ciu.meta.explain.Rd:27: Lost braces; missing escapes or markup? 27 | \item{ind.inputs}{Indices of input features to explain (the set {i} in CIU | ^ checkRd: (-1) ciu.meta.result.new.Rd:30: Lost braces; missing escapes or markup? 30 | \item{ind.inputs}{Indices of input features to explain (the set {i} in CIU | ^ checkRd: (-1) ciu.textual.Rd:38: Lost braces; missing escapes or markup? 38 | \item{ind.inputs}{Indices of input features to explain (the set {i} in CIU | ^ Flavors: r-devel-linux-x86_64-debian-clang, r-devel-linux-x86_64-fedora-clang, r-devel-linux-x86_64-fedora-gcc, r-devel-windows-x86_64, r-patched-linux-x86_64, r-release-linux-x86_64, r-release-macos-arm64, r-release-macos-x86_64, r-release-windows-x86_64

Version: 0.6.0
Check: package dependencies
Result: ERROR Package required but not available: ‘ggplot2’ Package suggested but not available for checking: ‘caret’ See section ‘The DESCRIPTION file’ in the ‘Writing R Extensions’ manual. Flavor: r-devel-linux-x86_64-debian-gcc